{"id":7295,"date":"2023-02-23T12:34:49","date_gmt":"2023-02-23T11:34:49","guid":{"rendered":"https:\/\/ishp.prf.jcu.cz\/?page_id=7295"},"modified":"2023-05-26T20:33:28","modified_gmt":"2023-05-26T18:33:28","slug":"rozpoznavani-sakralnich-staveb-a-jejich-specifickych-soucasti","status":"publish","type":"page","link":"https:\/\/ishp.prf.jcu.cz\/index.php\/rozpoznavani-sakralnich-staveb-a-jejich-specifickych-soucasti\/","title":{"rendered":"Rozpozn\u00e1v\u00e1n\u00ed sakr\u00e1ln\u00edch staveb a jejich specifick\u00fdch sou\u010d\u00e1st\u00ed"},"content":{"rendered":"\n<link rel=\"stylesheet\" href=\"https:\/\/cdnjs.cloudflare.com\/ajax\/libs\/font-awesome\/4.7.0\/css\/font-awesome.min.css\">\n\n<style>\n.button1 \n{\n  float: unset;\n  font-size: 1px;\n  background-color:  #f4f4f4;\n  color: black;\n  border: 2px solid #e7e7e7;\n  border-radius: 2px;\n  line-height: 1;\n  min-width: auto;\n  padding: 0 0 0 1px;\n\n  cursor: pointer;\n}\n\n.button1:hover \n{\n  background-color: #e7e7e7;\n  border-color: #f4f4f4;\n}\n<\/style>\n\n<script>\nfunction goFullscreen(id) \n{\n    var element = document.getElementById(id);\n    if (element.mozRequestFullScreen) \n    {\n      element.mozRequestFullScreen();\n    } \n    else if (element.webkitRequestFullScreen) \n    {\n      element.webkitRequestFullScreen();\n    }\n}\n<\/script>\n\n<button onclick=\"goFullscreen('ISSP'); return false\" class=\"button button1\"><span style=\"font-size:24px;justify:center;\" class=\"fa\">\u26f6<\/span><\/button>\n\n<p style=\"text-align: center\">\n<iframe class=\"containerIF\" src=\"https:\/\/recognition.ishp.prf.jcu.cz\/\" id=\"ISSP\">\n<\/iframe>\n<\/p>\n","protected":false},"excerpt":{"rendered":"<p>\u26f6<\/p>\n","protected":false},"author":2,"featured_media":6860,"parent":0,"menu_order":0,"comment_status":"closed","ping_status":"closed","template":"","meta":{"footnotes":""},"class_list":["post-7295","page","type-page","status-publish","has-post-thumbnail","hentry"],"_links":{"self":[{"href":"https:\/\/ishp.prf.jcu.cz\/index.php\/wp-json\/wp\/v2\/pages\/7295","targetHints":{"allow":["GET"]}}],"collection":[{"href":"https:\/\/ishp.prf.jcu.cz\/index.php\/wp-json\/wp\/v2\/pages"}],"about":[{"href":"https:\/\/ishp.prf.jcu.cz\/index.php\/wp-json\/wp\/v2\/types\/page"}],"author":[{"embeddable":true,"href":"https:\/\/ishp.prf.jcu.cz\/index.php\/wp-json\/wp\/v2\/users\/2"}],"replies":[{"embeddable":true,"href":"https:\/\/ishp.prf.jcu.cz\/index.php\/wp-json\/wp\/v2\/comments?post=7295"}],"version-history":[{"count":19,"href":"https:\/\/ishp.prf.jcu.cz\/index.php\/wp-json\/wp\/v2\/pages\/7295\/revisions"}],"predecessor-version":[{"id":14329,"href":"https:\/\/ishp.prf.jcu.cz\/index.php\/wp-json\/wp\/v2\/pages\/7295\/revisions\/14329"}],"wp:featuredmedia":[{"embeddable":true,"href":"https:\/\/ishp.prf.jcu.cz\/index.php\/wp-json\/wp\/v2\/media\/6860"}],"wp:attachment":[{"href":"https:\/\/ishp.prf.jcu.cz\/index.php\/wp-json\/wp\/v2\/media?parent=7295"}],"curies":[{"name":"wp","href":"https:\/\/api.w.org\/{rel}","templated":true}]}}